(-5) + (-844)/(-20)?
2, 3, 7
Let t be 4/(-14) - (-161)/49. Suppose 4*u = -y, 8*u - t*u - 15 = -5*y. What are the prime factors of y?
2
Let y be (0 + 3)*2/6. Suppose y = 3*s + 25. What are the prime factors of (6/4)/((-2)/s)?
2, 3
Let m(a) = a**2 + 6*a + 3. Let d be m(-6). Suppose 0 = -2*l, 2*p - 14 - 4 = d*l. What are the prime factors of p?
3
Suppose 0 = 3*g + 5*t - 279, g - 4*t + 184 = 3*g. What are the prime factors of g?
2, 7
What are the prime factors of (-6)/27 + (-1772)/(-36)?
7
Let n be (2 + -1)*(2 - 45). Suppose 0 = 2*r - 0*r + 10. What are the prime factors of n/r + 4/10?
3
Suppose 0 = -u + 6*u + 25, 26 = -4*z - 2*u. Let j(w) = -10*w - 5*w**2 - w**3 + 4*w - 1 - 2. List the prime factors of j(z).
5
Suppose 2 = 4*q - 22. What are the prime factors of q?
2, 3
Let d(p) = 0*p + 0 + p + 0. List the prime factors of d(5).
5
Suppose -3*d + 35 = 2*m, -2*m + 3*d = m - 30. Let s = m - 5. What are the prime factors of s?
2
What are the prime factors of (110 + -2)/(-3)*32/(-6)?
2, 3
Let q(b) = b**2 - b. Let g(v) = -4*v**2 + v + 2. Let n(f) = -g(f) - 3*q(f). Let s(x) = x**3 + 3*x**2 - 3*x. Let a be s(-4). List the prime factors of n(a).
2, 3
Let t = 11 - -3. Let f = t - 3. What are the prime factors of f?
11
Let k(w) = w**3 - 5*w**2 - 6*w - 2. Let f be k(6). Let t = 4 + f. List the prime factors of -1 + 1 + t - -4.
2, 3
Suppose 0 = -13*h + 4*h + 2466. What are the prime factors of h?
2, 137
Suppose -3 + 19 = 4*f. Let l = 10 - f. Suppose -5*w + l + 14 = 0. List the prime factors of w.
2
Let f = 13 + -9. Suppose 4*x = -4*h + 3*h + 38, -f*x + 5*h + 50 = 0. List the prime factors of x.
2, 5
Let m(i) = 3*i - 2. Let k be m(-2). Suppose 4*r + r = -60. List the prime factors of (r/k)/((-6)/(-40)).
2, 5
Let v = -7 - -4. What are the prime factors of (-27)/v - (-1 + 0)?
2, 5
Let k be ((-10)/5)/(1 + -2). What are the prime factors of (4/(-2) - -3) + k?
3
Suppose 54 = 4*l - 86. What are the prime factors of l?
5, 7
Suppose 0 = -4*y + 2 + 18. List the prime factors of y.
5
Let n be (16/(-6))/((-2)/3). Let c(u) = -u**3 + 3*u**2 + 5*u + 2. Let q be c(n). What are the prime factors of ((-4)/q)/(10/(-75))?
5
Suppose -2 = -u - 3. Let a(o) = 3*o**2 - o + 1. Let i(d) = d**3 - 1. Let n(l) = u*i(l) + a(l). List the prime factors of n(2).
2
Let o = -83 + 32. Let b = o + 71. What are the prime factors of b?
2, 5
List the prime factors of (-2)/4 - ((-290)/(-4))/(-5).
2, 7
Suppose 3*z + 2*y = 9, -8*z + 5*y = -3*z - 15. Suppose z = v + 1. Suppose v*b - b + 7 = 5*s, 5*b - s = 13. List the prime factors of b.
3
Let g be ((-4)/6)/(4/(-18)). Let n be (-13)/(-3) - (-2)/g. Suppose 0 = -n*k - 10 + 70. What are the prime factors of k?
2, 3
Let v(q) = -3*q - 7. Let x be v(-3). Suppose -i + 117 = x*i. What are the prime factors of i?
3, 13
Suppose -3*i + 5*i - 6 = 0. Suppose -i*t = 17 - 74. What are the prime factors of t?
19
Let n(f) = -f**2 - 11*f - 1. Let o be (-3)/(-12) + (-90)/8. Let x be n(o). List the prime factors of (-21)/(-6) - x/(-2).
3
Let a = 5 + 0. Suppose -p + g - 16 = 0, 2*p + a*g + 24 = -p. Let c = p - -21. What are the prime factors of c?
2
Let p(i) = 3*i + 2. Let k be p(-2). Let j(y) = -2*y - 5. What are the prime factors of j(k)?
3
Suppose 0 = -2*y - 2*y. Let h(u) = 2*u - 5. Let x be h(4). Suppose -6*o + x*o + 21 = y. List the prime factors of o.
7
Suppose -3*j + 78 - 9 = 0. Suppose -4*r = 5*o - 25 - j, 10 = 5*r. What are the prime factors of o?
2
Let m = -4 + 7. Let a = 155 - 151. Suppose 7*q - 29 = a*q + 2*u, 25 = m*q - 4*u. What are the prime factors of q?
11
Suppose 0 = 2*i - i - 3. What are the prime factors of 0 - i/1 - -28?
5
Let v = -10 + 11. Let c be ((-12)/10)/((-1)/(-5)). What are the prime factors of 8/((-10)/c - v)?
2, 3
Let y(f) = -f - 8. Let v be y(-7). List the prime factors of 19*-4*v/4.
19
Suppose 372 = 2*p + p - 3*f, -379 = -3*p - 4*f. What are the prime factors of p?
5
Suppose -4*w + 187 = -5*r, -2*r = w - 20 - 30. List the prime factors of w.
2, 3
Let w(k) = 6*k + 2 - 2 + 2*k. Let b be w(-2). Let i = b - -35. List the prime factors of i.
19
Let v(o) = 7*o**2 + o. List the prime factors of v(-1).
2, 3
Let k(t) = 3*t - 1. Let p be k(-5). Let o be (2/(-4))/1*p. Suppose n - o = 2*y, 4*y - 2 = 2. List the prime factors of n.
2, 5
List the prime factors of ((-3)/(-2))/(3 - 219/74).
37
Let z be 13*(-2 + 1) + 1. List the prime factors of 6/z + 94/4.
23
Suppose 4 = 2*u - 3*u, -2*m = 3*u - 180. List the prime factors of m.
2, 3
Let r(u) = u**3 - 8*u**2 + 7*u + 1. Let l be r(7). Suppose 2*y = -l + 3. Suppose -3 - y = -o. What are the prime factors of o?
2
Suppose 5*t + 33 = 4*x, 0 = -3*x - 2*x + 4*t + 30. Suppose 2 + 4 = x*j. List the prime factors of 92/12 - 2/j.
7
Let t(j) = 14*j**2 - j. Let c be (-1)/2*-2 - -3. Suppose 4*q - 5*q = -3*d - 1, -3*d - c = -4*q. List the prime factors of t(q).
13
Let b(p) = p**3 + 10*p**2 - 36*p - 11. List the prime factors of b(-10).
349
Let k be (-60)/18*3/(-2). Suppose -3*q - v + 16 = 0, -k*q + 4*v + 21 = -0*v. What are the prime factors of q?
5
Suppose -4*f + 46 = y, -3*y + 146 = -0*y + 4*f. What are the prime factors of y?
2, 5
Let j(r) = -8*r + 10. Let m be (-54)/10 - (-8)/20. What are the prime factors of j(m)?
2, 5
Suppose 0 = 4*c - 86 - 6. What are the prime factors of c?
23
Suppose m + 5*n = 72, 3*m + 5*n - 213 = -m. What are the prime factors of m?
47
Suppose 0 = -y + 2*a - 2, 4*y = -0*a - a - 35. Let z = -3 - y. What are the prime factors of -1*z/((-15)/24)?
2
Let v(m) = 5*m - 1. Let u be v(1). Suppose -5*r = -u*z + 59, -z = -5*r + 3 - 14. What are the prime factors of ((-3)/(-2))/(3/z)?
2
Let p = -68 - -157. List the prime factors of p.
89
Let a = -9 + 11. Suppose -n + a*u - 6*u - 25 = 0, -4*u - 15 = -n. Let i(j) = j**3 + 6*j**2 + j - 1. What are the prime factors of i(n)?
19
Let y(i) = 2*i**2 + 7*i + 11. Let t be y(-9). Suppose 0 = -4*s + 2*a + t, -s + 114 = 3*s + 2*a. List the prime factors of s.
2, 7
Let c(m) = -m + 5. Let o be c(12). List the prime factors of 24*1 - (o + 4).
3
Let b(o) = 5*o**2 + 27*o**3 + 20 - 7*o**3 - 5 + 5*o. Let u(f) = 7*f**3 + 2*f**2 + 2*f + 5. Let d(p) = 6*b(p) - 17*u(p). What are the prime factors of d(5)?
2, 5
Let z be 1/3 + (-106)/(-6). List the prime factors of (6 - 5)/(1/z).
2, 3
Let d = 2 + -1. Suppose 0 = 4*b - d - 7. Suppose b*p = 4*s + 7*p - 18, -2*p - 6 = -5*s. What are the prime factors of s?
2
Let k(z) = 10*z**2 - 6*z + 6. List the prime factors of k(3).
2, 3, 13
Suppose -2 = 3*v - 11. Let w = 11 + v. Suppose 1 = 3*m - w. List the prime factors of m.
5
Let a(m) = -2*m - 6. List the prime factors of a(-5).
2
Suppose -u = -4*u + 486. What are the prime factors of u?
2, 3
Suppose 64 = -4*l + 6*l. What are the prime factors of l?
2
Suppose 0 = -5*h + 265 + 260. List the prime factors of h.
3, 5, 7
Let x be ((-13)/5 - -3)*10. Suppose -3*g = 4*j - 16, -2*j - x = -3*j + g. What are the prime factors of j?
2
Let h = -61 + 157. List the prime factors of h.
2, 3
Let i(c) = -9*c + 1. Let g(x) = x**2 - 9*x + 9. Let n be g(8). Let f be (0 - -1) + n + -3. What are the prime factors of i(f)?
2, 5
Suppose 2*m = 5*m. Suppose m = 5*p + 5*t, 3*p - 6 = -p - t. Suppose 0 = -3*k + p*k + 16. List the prime factors of k.
2
Let w = 99 - 41. Suppose 5*p - 279 + w = -4*c, 3*c = p + 142. What are the prime factors of c?
7
Let r(l) = l**3 - 5*l**2 + 2*l - 7. Let q be r(5). Let p = q + 0. Suppose n + p*n = 76. List the prime factors of n.
19
Let p(v) = 4*v**2 + 7*v - 10. Let h(q) = -q + 1. Let u(c) = 4*h(c) + p(c). What are the prime factors of u(-4)?
2, 23
Suppose 0 = 5*c - 4 + 9, 4*k + 2*c = 14. List the prime factors of 1*(32 + -3 + k).
3, 11
List the prime factors of ((-256)/(-20))/((-8)/(-20)).
2
Let q(y) = -y**2 + y + 34. List the prime factors of q(0).
2, 17
Let c = 183 + -4. What are the prime factors of c?
179
Suppose 9 + 26 = -5*l. Let i(r) = 6*r**2 - 8 - 4*r**2 - 10*r - 1 - 3*r**2. What are the prime factors of i(l)?
2, 3
Suppose 3*z = 8*z - 20. Suppose l + z*m + 20 = -l, -5*l + m - 6 = 0. List the prime factors of 50*l/(-4) - 1.
2, 3
Let t(i) = i**2 + 5*i - 4. List the prime factors of t(7).
2, 5
Suppose 0 = 25*l - 28*l + 420. List the prime factors of l.
2, 5, 7
Let l(z) be the second derivative of -z**4/12 - z**3/6 + 2*z. Let g be l(0). Suppose -t + 5 = -g*t. List the prime factors 